{"id":22,"date":"2020-03-02T11:27:03","date_gmt":"2020-03-02T10:27:03","guid":{"rendered":"https:\/\/www.dachgarten-gmbh.at\/?page_id=22"},"modified":"2020-04-05T15:40:40","modified_gmt":"2020-04-05T13:40:40","slug":"impressum","status":"publish","type":"page","link":"https:\/\/www.dachgarten-gmbh.at\/?page_id=22","title":{"rendered":"Impressum"},"content":{"rendered":"\n<p>Informationspflicht laut \u00a75 E-Commerce Gesetz, \u00a714 Internehmensgesetzbuch, \u00a763 Gewerbeordnung und Offenlegungspflicht laut \u00a725 Mediengesetz.<\/p>\n\n\n\n<p>Dachgarten GmbH<br>Aich 5a,<br>4283 Bad Zell,<br>\u00d6sterreich<\/p>\n\n\n\n<p><strong>UID-Nummer:<\/strong>&nbsp;ATU75125115<br><strong>Firmenbuchnummer:<\/strong>&nbsp;FN 526821 m<br><strong>Firmenbuchgericht:<\/strong>&nbsp;Linz<br><strong>Firmensitz:<\/strong>&nbsp;Bad Zell<\/p>\n\n\n\n<p><strong>Tel.:<\/strong>&nbsp;+43 677 624 416 10<br><strong>E-Mail:<\/strong>&nbsp;<a href=\"mailto:office@dachgarten-gmbh.at\">office@dachgarten-gmbh.at<\/a><\/p>\n\n\n\n<p><strong>Mitglied bei:<\/strong>&nbsp;WKO O\u00d6<br><strong>Berufsrecht:<\/strong>&nbsp;Gewerbeordnung: www.ris.bka.gv.at<\/p>\n\n\n\n<p><strong>Aufsichtsbeh\u00f6rde\/Gewerbebeh\u00f6rde:<\/strong>&nbsp;Bezirkshauptmannschaft Freistadt<br><strong>Berufsbezeichnung:<\/strong>&nbsp;G\u00e4rtner &#8211; Gartenbau<br><strong>Verleihungsstaat:<\/strong>&nbsp;\u00d6sterreich<\/p>\n\n\n\n<p><strong>Gesch\u00e4ftsf\u00fchrer<\/strong><br>Rene Mitterlehner,  Fritz Schl\u00f6glhofer<\/p>\n","protected":false},"excerpt":{"rendered":"<p>Informationspflicht laut \u00a75 E-Commerce Gesetz, \u00a714 Internehmensgesetzbuch, \u00a763 Gewerbeordnung und Offenlegungspflicht laut \u00a725 Mediengesetz. Dachgarten GmbHAich 5a,4283 Bad Zell,\u00d6sterreich UID-Nummer:&nbsp;ATU75125115Firmenbuchnummer:&nbsp;FN 526821 mFirmenbuchgericht:&nbsp;LinzFirmensitz:&nbsp;Bad Zell Tel.:&nbsp;+43 677 624 416 10E-Mail:&nbsp;office@dachgarten-gmbh.at Mitglied bei:&nbsp;WKO O\u00d6Berufsrecht:&nbsp;Gewerbeordnung: www.ris.bka.gv.at Aufsichtsbeh\u00f6rde\/Gewerbebeh\u00f6rde:&nbsp;Bezirkshauptmannschaft FreistadtBerufsbezeichnung:&nbsp;G\u00e4rtner &#8211; GartenbauVerleihungsstaat:&nbsp;\u00d6sterreich Gesch\u00e4ftsf\u00fchrerRene Mitterlehner, Fritz Schl\u00f6glhofer<\/p>\n","protected":false},"author":2,"featured_media":0,"parent":0,"menu_order":0,"comment_status":"closed","ping_status":"closed","template":"","meta":{"kt_blocks_editor_width":"","footnotes":""},"class_list":["post-22","page","type-page","status-publish","hentry"],"yoast_head":"<!-- This site is optimized with the Yoast SEO plugin v26.4 - https:\/\/yoast.com\/wordpress\/plugins\/seo\/ -->\n<title>Impressum - Dachgarten GmbH<\/title>\n<meta name=\"robots\" content=\"index, follow, max-snippet:-1, max-image-preview:large, max-video-preview:-1\" \/>\n<link rel=\"canonical\" href=\"https:\/\/www.dachgarten-gmbh.at\/?page_id=22\" \/>\n<meta property=\"og:locale\" content=\"de_DE\" \/>\n<meta property=\"og:type\" content=\"article\" \/>\n<meta property=\"og:title\" content=\"Impressum - Dachgarten GmbH\" \/>\n<meta property=\"og:description\" content=\"Informationspflicht laut \u00a75 E-Commerce Gesetz, \u00a714 Internehmensgesetzbuch, \u00a763 Gewerbeordnung und Offenlegungspflicht laut \u00a725 Mediengesetz. Dachgarten GmbHAich 5a,4283 Bad Zell,\u00d6sterreich UID-Nummer:&nbsp;ATU75125115Firmenbuchnummer:&nbsp;FN 526821 mFirmenbuchgericht:&nbsp;LinzFirmensitz:&nbsp;Bad Zell Tel.:&nbsp;+43 677 624 416 10E-Mail:&nbsp;office@dachgarten-gmbh.at Mitglied bei:&nbsp;WKO O\u00d6Berufsrecht:&nbsp;Gewerbeordnung: www.ris.bka.gv.at Aufsichtsbeh\u00f6rde\/Gewerbebeh\u00f6rde:&nbsp;Bezirkshauptmannschaft FreistadtBerufsbezeichnung:&nbsp;G\u00e4rtner &#8211; GartenbauVerleihungsstaat:&nbsp;\u00d6sterreich Gesch\u00e4ftsf\u00fchrerRene Mitterlehner, Fritz Schl\u00f6glhofer\" \/>\n<meta property=\"og:url\" content=\"https:\/\/www.dachgarten-gmbh.at\/?page_id=22\" \/>\n<meta property=\"og:site_name\" content=\"Dachgarten GmbH\" \/>\n<meta property=\"article:modified_time\" content=\"2020-04-05T13:40:40+00:00\" \/>\n<meta name=\"twitter:card\" content=\"summary_large_image\" \/>\n<script type=\"application\/ld+json\" class=\"yoast-schema-graph\">{\"@context\":\"https:\/\/schema.org\",\"@graph\":[{\"@type\":\"WebPage\",\"@id\":\"https:\/\/www.dachgarten-gmbh.at\/?page_id=22\",\"url\":\"https:\/\/www.dachgarten-gmbh.at\/?page_id=22\",\"name\":\"Impressum - Dachgarten GmbH\",\"isPartOf\":{\"@id\":\"https:\/\/www.dachgarten-gmbh.at\/#website\"},\"datePublished\":\"2020-03-02T10:27:03+00:00\",\"dateModified\":\"2020-04-05T13:40:40+00:00\",\"breadcrumb\":{\"@id\":\"https:\/\/www.dachgarten-gmbh.at\/?page_id=22#breadcrumb\"},\"inLanguage\":\"de\",\"potentialAction\":[{\"@type\":\"ReadAction\",\"target\":[\"https:\/\/www.dachgarten-gmbh.at\/?page_id=22\"]}]},{\"@type\":\"BreadcrumbList\",\"@id\":\"https:\/\/www.dachgarten-gmbh.at\/?page_id=22#breadcrumb\",\"itemListElement\":[{\"@type\":\"ListItem\",\"position\":1,\"name\":\"Startseite\",\"item\":\"https:\/\/www.dachgarten-gmbh.at\/\"},{\"@type\":\"ListItem\",\"position\":2,\"name\":\"Impressum\"}]},{\"@type\":\"WebSite\",\"@id\":\"https:\/\/www.dachgarten-gmbh.at\/#website\",\"url\":\"https:\/\/www.dachgarten-gmbh.at\/\",\"name\":\"Dachgarten GmbH\",\"description\":\"Dachbegr\u00fcnung - Gartenbau\",\"potentialAction\":[{\"@type\":\"SearchAction\",\"target\":{\"@type\":\"EntryPoint\",\"urlTemplate\":\"https:\/\/www.dachgarten-gmbh.at\/?s={search_term_string}\"},\"query-input\":{\"@type\":\"PropertyValueSpecification\",\"valueRequired\":true,\"valueName\":\"search_term_string\"}}],\"inLanguage\":\"de\"}]}<\/script>\n<!-- \/ Yoast SEO plugin. -->","yoast_head_json":{"title":"Impressum - Dachgarten GmbH","robots":{"index":"index","follow":"follow","max-snippet":"max-snippet:-1","max-image-preview":"max-image-preview:large","max-video-preview":"max-video-preview:-1"},"canonical":"https:\/\/www.dachgarten-gmbh.at\/?page_id=22","og_locale":"de_DE","og_type":"article","og_title":"Impressum - Dachgarten GmbH","og_description":"Informationspflicht laut \u00a75 E-Commerce Gesetz, \u00a714 Internehmensgesetzbuch, \u00a763 Gewerbeordnung und Offenlegungspflicht laut \u00a725 Mediengesetz. Dachgarten GmbHAich 5a,4283 Bad Zell,\u00d6sterreich UID-Nummer:&nbsp;ATU75125115Firmenbuchnummer:&nbsp;FN 526821 mFirmenbuchgericht:&nbsp;LinzFirmensitz:&nbsp;Bad Zell Tel.:&nbsp;+43 677 624 416 10E-Mail:&nbsp;office@dachgarten-gmbh.at Mitglied bei:&nbsp;WKO O\u00d6Berufsrecht:&nbsp;Gewerbeordnung: www.ris.bka.gv.at Aufsichtsbeh\u00f6rde\/Gewerbebeh\u00f6rde:&nbsp;Bezirkshauptmannschaft FreistadtBerufsbezeichnung:&nbsp;G\u00e4rtner &#8211; GartenbauVerleihungsstaat:&nbsp;\u00d6sterreich Gesch\u00e4ftsf\u00fchrerRene Mitterlehner, Fritz Schl\u00f6glhofer","og_url":"https:\/\/www.dachgarten-gmbh.at\/?page_id=22","og_site_name":"Dachgarten GmbH","article_modified_time":"2020-04-05T13:40:40+00:00","twitter_card":"summary_large_image","schema":{"@context":"https:\/\/schema.org","@graph":[{"@type":"WebPage","@id":"https:\/\/www.dachgarten-gmbh.at\/?page_id=22","url":"https:\/\/www.dachgarten-gmbh.at\/?page_id=22","name":"Impressum - Dachgarten GmbH","isPartOf":{"@id":"https:\/\/www.dachgarten-gmbh.at\/#website"},"datePublished":"2020-03-02T10:27:03+00:00","dateModified":"2020-04-05T13:40:40+00:00","breadcrumb":{"@id":"https:\/\/www.dachgarten-gmbh.at\/?page_id=22#breadcrumb"},"inLanguage":"de","potentialAction":[{"@type":"ReadAction","target":["https:\/\/www.dachgarten-gmbh.at\/?page_id=22"]}]},{"@type":"BreadcrumbList","@id":"https:\/\/www.dachgarten-gmbh.at\/?page_id=22#breadcrumb","itemListElement":[{"@type":"ListItem","position":1,"name":"Startseite","item":"https:\/\/www.dachgarten-gmbh.at\/"},{"@type":"ListItem","position":2,"name":"Impressum"}]},{"@type":"WebSite","@id":"https:\/\/www.dachgarten-gmbh.at\/#website","url":"https:\/\/www.dachgarten-gmbh.at\/","name":"Dachgarten GmbH","description":"Dachbegr\u00fcnung - Gartenbau","potentialAction":[{"@type":"SearchAction","target":{"@type":"EntryPoint","urlTemplate":"https:\/\/www.dachgarten-gmbh.at\/?s={search_term_string}"},"query-input":{"@type":"PropertyValueSpecification","valueRequired":true,"valueName":"search_term_string"}}],"inLanguage":"de"}]}},"_links":{"self":[{"href":"https:\/\/www.dachgarten-gmbh.at\/index.php?rest_route=\/wp\/v2\/pages\/22","targetHints":{"allow":["GET"]}}],"collection":[{"href":"https:\/\/www.dachgarten-gmbh.at\/index.php?rest_route=\/wp\/v2\/pages"}],"about":[{"href":"https:\/\/www.dachgarten-gmbh.at\/index.php?rest_route=\/wp\/v2\/types\/page"}],"author":[{"embeddable":true,"href":"https:\/\/www.dachgarten-gmbh.at\/index.php?rest_route=\/wp\/v2\/users\/2"}],"replies":[{"embeddable":true,"href":"https:\/\/www.dachgarten-gmbh.at\/index.php?rest_route=%2Fwp%2Fv2%2Fcomments&post=22"}],"version-history":[{"count":4,"href":"https:\/\/www.dachgarten-gmbh.at\/index.php?rest_route=\/wp\/v2\/pages\/22\/revisions"}],"predecessor-version":[{"id":176,"href":"https:\/\/www.dachgarten-gmbh.at\/index.php?rest_route=\/wp\/v2\/pages\/22\/revisions\/176"}],"wp:attachment":[{"href":"https:\/\/www.dachgarten-gmbh.at\/index.php?rest_route=%2Fwp%2Fv2%2Fmedia&parent=22"}],"curies":[{"name":"wp","href":"https:\/\/api.w.org\/{rel}","templated":true}]}}